{"version":"1.0","provider_name":"gijonbasket","provider_url":"https:\/\/gijonbasket.com\/en","author_name":"Cesar Morales","author_url":"https:\/\/gijonbasket.com\/en\/author\/cesar\/","title":"Christian Wood baja por lesi\u00f3n para los Lakers - gijonbasket","type":"rich","width":600,"height":338,"html":"<blockquote class=\"wp-embedded-content\" data-secret=\"y0fTH5fGZc\"><a href=\"https:\/\/gijonbasket.com\/en\/2024\/09\/14\/christian-wood-baja-por-lesion-para-los-lakers\/\">Christian Wood baja por lesi\u00f3n para los Lakers<\/a><\/blockquote><iframe sandbox=\"allow-scripts\" security=\"restricted\" src=\"https:\/\/gijonbasket.com\/en\/2024\/09\/14\/christian-wood-baja-por-lesion-para-los-lakers\/embed\/#?secret=y0fTH5fGZc\" width=\"600\" height=\"338\" title=\"&#8220;Christian Wood baja por lesi\u00f3n para los Lakers&#8221; &#8212; gijonbasket\" data-secret=\"y0fTH5fGZc\" frameborder=\"0\" marginwidth=\"0\" marginheight=\"0\" scrolling=\"no\" class=\"wp-embedded-content\"><\/iframe><script>\n\/*! This file is auto-generated *\/\n!function(d,l){\"use strict\";l.querySelector&&d.addEventListener&&\"undefined\"!=typeof URL&&(d.wp=d.wp||{},d.wp.receiveEmbedMessage||(d.wp.receiveEmbedMessage=function(e){var t=e.data;if((t||t.secret||t.message||t.value)&&!\/[^a-zA-Z0-9]\/.test(t.secret)){for(var s,r,n,a=l.querySelectorAll('iframe[data-secret=\"'+t.secret+'\"]'),o=l.querySelectorAll('blockquote[data-secret=\"'+t.secret+'\"]'),c=new RegExp(\"^https?:$\",\"i\"),i=0;i<o.length;i++)o[i].style.display=\"none\";for(i=0;i<a.length;i++)s=a[i],e.source===s.contentWindow&&(s.removeAttribute(\"style\"),\"height\"===t.message?(1e3<(r=parseInt(t.value,10))?r=1e3:~~r<200&&(r=200),s.height=r):\"link\"===t.message&&(r=new URL(s.getAttribute(\"src\")),n=new URL(t.value),c.test(n.protocol))&&n.host===r.host&&l.activeElement===s&&(d.top.location.href=t.value))}},d.addEventListener(\"message\",d.wp.receiveEmbedMessage,!1),l.addEventListener(\"DOMContentLoaded\",function(){for(var e,t,s=l.querySelectorAll(\"iframe.wp-embedded-content\"),r=0;r<s.length;r++)(t=(e=s[r]).getAttribute(\"data-secret\"))||(t=Math.random().toString(36).substring(2,12),e.src+=\"#?secret=\"+t,e.setAttribute(\"data-secret\",t)),e.contentWindow.postMessage({message:\"ready\",secret:t},\"*\")},!1)))}(window,document);\n\/\/# sourceURL=https:\/\/gijonbasket.com\/wp-includes\/js\/wp-embed.min.js\n<\/script>","description":"Los \u00c1ngeles Lakers contar\u00e1n con la baja por lesi\u00f3n de Christian Wood, por una lesi\u00f3n en la rodilla izquierda, que le tendr\u00e1 inactivo hasta noviembre. En febrero se lesion\u00f3 siendo sometido a una artroscopia en marzo. La pasada temporada promedi\u00f3 6.9 ppp; 5.1 rpp. 8 temporadas NBA militando en Phialdelphia 76 ers, Charlotte Hornets, Milwaukee&hellip;&nbsp;Read More &raquo;"}

Christian Wood baja por lesión para los Lakers - gijonbasket

<blockquote class="wp-embedded-content" data-secret="y0fTH5fGZc"><a href="https://gijonbasket.com/en/2024/09/14/christian-wood-baja-por-lesion-para-los-lakers/">Christian Wood baja por lesión para los Lakers</a></blockquote><iframe sandbox="allow-scripts" security="restricted" src="https://gijonbasket.com/en/2024/09/14/christian-wood-baja-por-lesion-para-los-lakers/embed/#?secret=y0fTH5fGZc" width="600" height="338" title="&#8220;Christian Wood baja por lesión para los Lakers&#8221; &#8212; gijonbasket" data-secret="y0fTH5fGZc" frameborder="0" marginwidth="0" marginheight="0" scrolling="no" class="wp-embedded-content"></iframe><script>
/*! This file is auto-generated */
!function(d,l){"use strict";l.querySelector&&d.addEventListener&&"undefined"!=typeof URL&&(d.wp=d.wp||{},d.wp.receiveEmbedMessage||(d.wp.receiveEmbedMessage=function(e){var t=e.data;if((t||t.secret||t.message||t.value)&&!/[^a-zA-Z0-9]/.test(t.secret)){for(var s,r,n,a=l.querySelectorAll('iframe[data-secret="'+t.secret+'"]'),o=l.querySelectorAll('blockquote[data-secret="'+t.secret+'"]'),c=new RegExp("^https?:$","i"),i=0;i<o.length;i++)o[i].style.display="none";for(i=0;i<a.length;i++)s=a[i],e.source===s.contentWindow&&(s.removeAttribute("style"),"height"===t.message?(1e3<(r=parseInt(t.value,10))?r=1e3:~~r<200&&(r=200),s.height=r):"link"===t.message&&(r=new URL(s.getAttribute("src")),n=new URL(t.value),c.test(n.protocol))&&n.host===r.host&&l.activeElement===s&&(d.top.location.href=t.value))}},d.addEventListener("message",d.wp.receiveEmbedMessage,!1),l.addEventListener("DOMContentLoaded",function(){for(var e,t,s=l.querySelectorAll("iframe.wp-embedded-content"),r=0;r<s.length;r++)(t=(e=s[r]).getAttribute("data-secret"))||(t=Math.random().toString(36).substring(2,12),e.src+="#?secret="+t,e.setAttribute("data-secret",t)),e.contentWindow.postMessage({message:"ready",secret:t},"*")},!1)))}(window,document);
//# sourceURL=https://gijonbasket.com/wp-includes/js/wp-embed.min.js
</script>

Los Ángeles Lakers contarán con la baja por lesión de Christian Wood, por una lesión en la rodilla izquierda, que le tendrá inactivo hasta noviembre. En febrero se lesionó siendo sometido a una artroscopia en marzo. La pasada temporada promedió 6.9 ppp; 5.1 rpp. 8 temporadas NBA militando en Phialdelphia 76 ers, Charlotte Hornets, Milwaukee&hellip;&nbsp;Read More &raquo;
