{"version":"1.0","provider_name":"gijonbasket","provider_url":"https:\/\/gijonbasket.com\/en","author_name":"Cesar Morales","author_url":"https:\/\/gijonbasket.com\/en\/author\/cesar\/","title":"Deandre Ayton baja por lesi\u00f3n en los Blazers - gijonbasket","type":"rich","width":600,"height":338,"html":"<blockquote class=\"wp-embedded-content\" data-secret=\"F0y2zHys61\"><a href=\"https:\/\/gijonbasket.com\/en\/2025\/02\/14\/deandre-ayton-baja-por-lesion-en-los-blazers\/\">Deandre Ayton baja por lesi\u00f3n en los Blazers<\/a><\/blockquote><iframe sandbox=\"allow-scripts\" security=\"restricted\" src=\"https:\/\/gijonbasket.com\/en\/2025\/02\/14\/deandre-ayton-baja-por-lesion-en-los-blazers\/embed\/#?secret=F0y2zHys61\" width=\"600\" height=\"338\" title=\"&#8220;Deandre Ayton baja por lesi\u00f3n en los Blazers&#8221; &#8212; gijonbasket\" data-secret=\"F0y2zHys61\" frameborder=\"0\" marginwidth=\"0\" marginheight=\"0\" scrolling=\"no\" class=\"wp-embedded-content\"><\/iframe><script>\n\/*! This file is auto-generated *\/\n!function(d,l){\"use strict\";l.querySelector&&d.addEventListener&&\"undefined\"!=typeof URL&&(d.wp=d.wp||{},d.wp.receiveEmbedMessage||(d.wp.receiveEmbedMessage=function(e){var t=e.data;if((t||t.secret||t.message||t.value)&&!\/[^a-zA-Z0-9]\/.test(t.secret)){for(var s,r,n,a=l.querySelectorAll('iframe[data-secret=\"'+t.secret+'\"]'),o=l.querySelectorAll('blockquote[data-secret=\"'+t.secret+'\"]'),c=new RegExp(\"^https?:$\",\"i\"),i=0;i<o.length;i++)o[i].style.display=\"none\";for(i=0;i<a.length;i++)s=a[i],e.source===s.contentWindow&&(s.removeAttribute(\"style\"),\"height\"===t.message?(1e3<(r=parseInt(t.value,10))?r=1e3:~~r<200&&(r=200),s.height=r):\"link\"===t.message&&(r=new URL(s.getAttribute(\"src\")),n=new URL(t.value),c.test(n.protocol))&&n.host===r.host&&l.activeElement===s&&(d.top.location.href=t.value))}},d.addEventListener(\"message\",d.wp.receiveEmbedMessage,!1),l.addEventListener(\"DOMContentLoaded\",function(){for(var e,t,s=l.querySelectorAll(\"iframe.wp-embedded-content\"),r=0;r<s.length;r++)(t=(e=s[r]).getAttribute(\"data-secret\"))||(t=Math.random().toString(36).substring(2,12),e.src+=\"#?secret=\"+t,e.setAttribute(\"data-secret\",t)),e.contentWindow.postMessage({message:\"ready\",secret:t},\"*\")},!1)))}(window,document);\n\/\/# sourceURL=https:\/\/gijonbasket.com\/wp-includes\/js\/wp-embed.min.js\n<\/script>","description":"Los Portland Trail Blazers pierden por lesi\u00f3n de Deandre Ayton, al sufrir una distensi\u00f3n en su gemelo izquierdo, que le mantendr\u00e1 alejado de las canchas durante cuatro semanas. P\u00edvot bahame\u00f1o de 26 a\u00f1os y 2.13 m. Segunda temporada en los Portland Trail Blazers. Esta temporada Deandre Ayton est\u00e1 promediando 14.4 ppp; 10.5 rpp. Internacional por&hellip;&nbsp;Read More &raquo;"}

Deandre Ayton baja por lesión en los Blazers - gijonbasket

<blockquote class="wp-embedded-content" data-secret="F0y2zHys61"><a href="https://gijonbasket.com/en/2025/02/14/deandre-ayton-baja-por-lesion-en-los-blazers/">Deandre Ayton baja por lesión en los Blazers</a></blockquote><iframe sandbox="allow-scripts" security="restricted" src="https://gijonbasket.com/en/2025/02/14/deandre-ayton-baja-por-lesion-en-los-blazers/embed/#?secret=F0y2zHys61" width="600" height="338" title="&#8220;Deandre Ayton baja por lesión en los Blazers&#8221; &#8212; gijonbasket" data-secret="F0y2zHys61" frameborder="0" marginwidth="0" marginheight="0" scrolling="no" class="wp-embedded-content"></iframe><script>
/*! This file is auto-generated */
!function(d,l){"use strict";l.querySelector&&d.addEventListener&&"undefined"!=typeof URL&&(d.wp=d.wp||{},d.wp.receiveEmbedMessage||(d.wp.receiveEmbedMessage=function(e){var t=e.data;if((t||t.secret||t.message||t.value)&&!/[^a-zA-Z0-9]/.test(t.secret)){for(var s,r,n,a=l.querySelectorAll('iframe[data-secret="'+t.secret+'"]'),o=l.querySelectorAll('blockquote[data-secret="'+t.secret+'"]'),c=new RegExp("^https?:$","i"),i=0;i<o.length;i++)o[i].style.display="none";for(i=0;i<a.length;i++)s=a[i],e.source===s.contentWindow&&(s.removeAttribute("style"),"height"===t.message?(1e3<(r=parseInt(t.value,10))?r=1e3:~~r<200&&(r=200),s.height=r):"link"===t.message&&(r=new URL(s.getAttribute("src")),n=new URL(t.value),c.test(n.protocol))&&n.host===r.host&&l.activeElement===s&&(d.top.location.href=t.value))}},d.addEventListener("message",d.wp.receiveEmbedMessage,!1),l.addEventListener("DOMContentLoaded",function(){for(var e,t,s=l.querySelectorAll("iframe.wp-embedded-content"),r=0;r<s.length;r++)(t=(e=s[r]).getAttribute("data-secret"))||(t=Math.random().toString(36).substring(2,12),e.src+="#?secret="+t,e.setAttribute("data-secret",t)),e.contentWindow.postMessage({message:"ready",secret:t},"*")},!1)))}(window,document);
//# sourceURL=https://gijonbasket.com/wp-includes/js/wp-embed.min.js
</script>

Los Portland Trail Blazers pierden por lesión de Deandre Ayton, al sufrir una distensión en su gemelo izquierdo, que le mantendrá alejado de las canchas durante cuatro semanas. Pívot bahameño de 26 años y 2.13 m. Segunda temporada en los Portland Trail Blazers. Esta temporada Deandre Ayton está promediando 14.4 ppp; 10.5 rpp. Internacional por&hellip;&nbsp;Read More &raquo;
