{"version":"1.0","provider_name":"gijonbasket","provider_url":"https:\/\/gijonbasket.com\/en","author_name":"Cesar Morales","author_url":"https:\/\/gijonbasket.com\/en\/author\/cesar\/","title":"Thomas Heurtel de vuelta al LDLC Asvel Villeurbanne - gijonbasket","type":"rich","width":600,"height":338,"html":"<blockquote class=\"wp-embedded-content\" data-secret=\"GRC2A7ahA3\"><a href=\"https:\/\/gijonbasket.com\/en\/2025\/08\/15\/thomas-heurtel-de-vuelta-al-ldlc-asvel-villeurbanne\/\">Thomas Heurtel de vuelta al LDLC Asvel Villeurbanne<\/a><\/blockquote><iframe sandbox=\"allow-scripts\" security=\"restricted\" src=\"https:\/\/gijonbasket.com\/en\/2025\/08\/15\/thomas-heurtel-de-vuelta-al-ldlc-asvel-villeurbanne\/embed\/#?secret=GRC2A7ahA3\" width=\"600\" height=\"338\" title=\"&#8220;Thomas Heurtel de vuelta al LDLC Asvel Villeurbanne&#8221; &#8212; gijonbasket\" data-secret=\"GRC2A7ahA3\" frameborder=\"0\" marginwidth=\"0\" marginheight=\"0\" scrolling=\"no\" class=\"wp-embedded-content\"><\/iframe><script>\n\/*! This file is auto-generated *\/\n!function(d,l){\"use strict\";l.querySelector&&d.addEventListener&&\"undefined\"!=typeof URL&&(d.wp=d.wp||{},d.wp.receiveEmbedMessage||(d.wp.receiveEmbedMessage=function(e){var t=e.data;if((t||t.secret||t.message||t.value)&&!\/[^a-zA-Z0-9]\/.test(t.secret)){for(var s,r,n,a=l.querySelectorAll('iframe[data-secret=\"'+t.secret+'\"]'),o=l.querySelectorAll('blockquote[data-secret=\"'+t.secret+'\"]'),c=new RegExp(\"^https?:$\",\"i\"),i=0;i<o.length;i++)o[i].style.display=\"none\";for(i=0;i<a.length;i++)s=a[i],e.source===s.contentWindow&&(s.removeAttribute(\"style\"),\"height\"===t.message?(1e3<(r=parseInt(t.value,10))?r=1e3:~~r<200&&(r=200),s.height=r):\"link\"===t.message&&(r=new URL(s.getAttribute(\"src\")),n=new URL(t.value),c.test(n.protocol))&&n.host===r.host&&l.activeElement===s&&(d.top.location.href=t.value))}},d.addEventListener(\"message\",d.wp.receiveEmbedMessage,!1),l.addEventListener(\"DOMContentLoaded\",function(){for(var e,t,s=l.querySelectorAll(\"iframe.wp-embedded-content\"),r=0;r<s.length;r++)(t=(e=s[r]).getAttribute(\"data-secret\"))||(t=Math.random().toString(36).substring(2,12),e.src+=\"#?secret=\"+t,e.setAttribute(\"data-secret\",t)),e.contentWindow.postMessage({message:\"ready\",secret:t},\"*\")},!1)))}(window,document);\n\/\/# sourceURL=https:\/\/gijonbasket.com\/wp-includes\/js\/wp-embed.min.js\n<\/script>","description":"El LDLC Asvel Villeurbanne anunci\u00f3 el fichaje de Thomas Heurtel para la temporada 2025\/2026. Thomas Heurtel regresa al LDLC Asvel Villeurbanne donde milit\u00f3 en la temporada 2020\/2021. Base franc\u00e9s de 36 a\u00f1os y 1.89 m., que la pasada temporada comenz\u00f3 militando en el Shenzen Leopards (China), para recalar en el Leyma Coru\u00f1a a partir del&hellip;&nbsp;Read More &raquo;"}

El LDLC Asvel Villeurbanne anunció el fichaje de Thomas Heurtel para la temporada 2025/2026. Thomas Heurtel regresa al LDLC Asvel Villeurbanne donde militó en la temporada 2020/2021. Base francés de 36 años y 1.89 m., que la pasada temporada comenzó militando en el Shenzen Leopards (China), para recalar en el Leyma Coruña a partir del&hellip;&nbsp;Read More &raquo;
