{"version":"1.0","provider_name":"gijonbasket","provider_url":"https:\/\/gijonbasket.com\/en","author_name":"Cesar Morales","author_url":"https:\/\/gijonbasket.com\/en\/author\/cesar\/","title":"V\u00edctor Rubio destituido en el C.B. Zaragoza - gijonbasket","type":"rich","width":600,"height":338,"html":"<blockquote class=\"wp-embedded-content\" data-secret=\"VQHtP4a0HE\"><a href=\"https:\/\/gijonbasket.com\/en\/2026\/01\/15\/victor-rubio-destituido-en-el-c-b-zaragoza\/\">V\u00edctor Rubio destituido en el C.B. Zaragoza<\/a><\/blockquote><iframe sandbox=\"allow-scripts\" security=\"restricted\" src=\"https:\/\/gijonbasket.com\/en\/2026\/01\/15\/victor-rubio-destituido-en-el-c-b-zaragoza\/embed\/#?secret=VQHtP4a0HE\" width=\"600\" height=\"338\" title=\"&#8220;V\u00edctor Rubio destituido en el C.B. Zaragoza&#8221; &#8212; gijonbasket\" data-secret=\"VQHtP4a0HE\" frameborder=\"0\" marginwidth=\"0\" marginheight=\"0\" scrolling=\"no\" class=\"wp-embedded-content\"><\/iframe><script>\n\/*! This file is auto-generated *\/\n!function(d,l){\"use strict\";l.querySelector&&d.addEventListener&&\"undefined\"!=typeof URL&&(d.wp=d.wp||{},d.wp.receiveEmbedMessage||(d.wp.receiveEmbedMessage=function(e){var t=e.data;if((t||t.secret||t.message||t.value)&&!\/[^a-zA-Z0-9]\/.test(t.secret)){for(var s,r,n,a=l.querySelectorAll('iframe[data-secret=\"'+t.secret+'\"]'),o=l.querySelectorAll('blockquote[data-secret=\"'+t.secret+'\"]'),c=new RegExp(\"^https?:$\",\"i\"),i=0;i<o.length;i++)o[i].style.display=\"none\";for(i=0;i<a.length;i++)s=a[i],e.source===s.contentWindow&&(s.removeAttribute(\"style\"),\"height\"===t.message?(1e3<(r=parseInt(t.value,10))?r=1e3:~~r<200&&(r=200),s.height=r):\"link\"===t.message&&(r=new URL(s.getAttribute(\"src\")),n=new URL(t.value),c.test(n.protocol))&&n.host===r.host&&l.activeElement===s&&(d.top.location.href=t.value))}},d.addEventListener(\"message\",d.wp.receiveEmbedMessage,!1),l.addEventListener(\"DOMContentLoaded\",function(){for(var e,t,s=l.querySelectorAll(\"iframe.wp-embedded-content\"),r=0;r<s.length;r++)(t=(e=s[r]).getAttribute(\"data-secret\"))||(t=Math.random().toString(36).substring(2,12),e.src+=\"#?secret=\"+t,e.setAttribute(\"data-secret\",t)),e.contentWindow.postMessage({message:\"ready\",secret:t},\"*\")},!1)))}(window,document);\n\/\/# sourceURL=https:\/\/gijonbasket.com\/wp-includes\/js\/wp-embed.min.js\n<\/script>","description":"El C.B. Zaragoza anunci\u00f3 la destituci\u00f3n de su t\u00e9cnico V\u00edctor Rubio. El C.B. Zaragoza ascendi\u00f3 la pasada temporada a Segunda FEB y V\u00edctor Rubio se hizo cargo del equipo tras la marcha de Sergio Lam\u00faa al Maderas Sorl\u00ed Benicarl\u00f3. Esta temporada el C.B. Zaragoza ocupa la d\u00e9cima posici\u00f3n del Grupo Este de Segunda FEB con&hellip;&nbsp;Read More &raquo;"}

Víctor Rubio destituido en el C.B. Zaragoza - gijonbasket

<blockquote class="wp-embedded-content" data-secret="VQHtP4a0HE"><a href="https://gijonbasket.com/en/2026/01/15/victor-rubio-destituido-en-el-c-b-zaragoza/">Víctor Rubio destituido en el C.B. Zaragoza</a></blockquote><iframe sandbox="allow-scripts" security="restricted" src="https://gijonbasket.com/en/2026/01/15/victor-rubio-destituido-en-el-c-b-zaragoza/embed/#?secret=VQHtP4a0HE" width="600" height="338" title="&#8220;Víctor Rubio destituido en el C.B. Zaragoza&#8221; &#8212; gijonbasket" data-secret="VQHtP4a0HE" frameborder="0" marginwidth="0" marginheight="0" scrolling="no" class="wp-embedded-content"></iframe><script>
/*! This file is auto-generated */
!function(d,l){"use strict";l.querySelector&&d.addEventListener&&"undefined"!=typeof URL&&(d.wp=d.wp||{},d.wp.receiveEmbedMessage||(d.wp.receiveEmbedMessage=function(e){var t=e.data;if((t||t.secret||t.message||t.value)&&!/[^a-zA-Z0-9]/.test(t.secret)){for(var s,r,n,a=l.querySelectorAll('iframe[data-secret="'+t.secret+'"]'),o=l.querySelectorAll('blockquote[data-secret="'+t.secret+'"]'),c=new RegExp("^https?:$","i"),i=0;i<o.length;i++)o[i].style.display="none";for(i=0;i<a.length;i++)s=a[i],e.source===s.contentWindow&&(s.removeAttribute("style"),"height"===t.message?(1e3<(r=parseInt(t.value,10))?r=1e3:~~r<200&&(r=200),s.height=r):"link"===t.message&&(r=new URL(s.getAttribute("src")),n=new URL(t.value),c.test(n.protocol))&&n.host===r.host&&l.activeElement===s&&(d.top.location.href=t.value))}},d.addEventListener("message",d.wp.receiveEmbedMessage,!1),l.addEventListener("DOMContentLoaded",function(){for(var e,t,s=l.querySelectorAll("iframe.wp-embedded-content"),r=0;r<s.length;r++)(t=(e=s[r]).getAttribute("data-secret"))||(t=Math.random().toString(36).substring(2,12),e.src+="#?secret="+t,e.setAttribute("data-secret",t)),e.contentWindow.postMessage({message:"ready",secret:t},"*")},!1)))}(window,document);
//# sourceURL=https://gijonbasket.com/wp-includes/js/wp-embed.min.js
</script>

El C.B. Zaragoza anunció la destitución de su técnico Víctor Rubio. El C.B. Zaragoza ascendió la pasada temporada a Segunda FEB y Víctor Rubio se hizo cargo del equipo tras la marcha de Sergio Lamúa al Maderas Sorlí Benicarló. Esta temporada el C.B. Zaragoza ocupa la décima posición del Grupo Este de Segunda FEB con&hellip;&nbsp;Read More &raquo;
